{"id":58,"date":"2019-11-20T01:52:36","date_gmt":"2019-11-20T01:52:36","guid":{"rendered":"https:\/\/www.philopolis.net\/site\/?page_id=58"},"modified":"2025-11-14T18:26:17","modified_gmt":"2025-11-14T18:26:17","slug":"appel-de-communications","status":"publish","type":"page","link":"https:\/\/www.philopolis.net\/site\/appel-de-communications\/","title":{"rendered":"Appel de textes 2026"},"content":{"rendered":"\n<div style=\"height:100px\" aria-hidden=\"true\" class=\"wp-block-spacer\"><\/div>\n\n\n\n<p class=\"has-text-align-center\">Nous acceptons les soumissions jusqu&rsquo;au 16 janvier, 2026.<\/p>\n\n\n\n<p class=\"has-text-align-center\"><\/p>\n\n\n<div class=\"wpforms-container wpforms-container-full wpforms-block wpforms-block-58529966-b905-4a85-a472-df6684e5610b\" id=\"wpforms-1720\"><form id=\"wpforms-form-1720\" class=\"wpforms-validate wpforms-form\" data-formid=\"1720\" method=\"post\" enctype=\"multipart\/form-data\" action=\"\/site\/wp-json\/wp\/v2\/pages\/58\" data-token=\"807e4b6a13d3f215c44c20abd844c412\" data-token-time=\"1778212855\"><noscript class=\"wpforms-error-noscript\">Please enable JavaScript in your browser to complete this form.<\/noscript><div class=\"wpforms-field-container\"><div id=\"wpforms-1720-field_0-container\" class=\"wpforms-field wpforms-field-name\" data-field-id=\"0\"><label class=\"wpforms-field-label\">Nom <span class=\"wpforms-required-label\">*<\/span><\/label><div class=\"wpforms-field-row wpforms-field-medium\"><div class=\"wpforms-field-row-block wpforms-first wpforms-one-half\"><input type=\"text\" id=\"wpforms-1720-field_0\" class=\"wpforms-field-name-first wpforms-field-required\" name=\"wpforms[fields][0][first]\" required><label for=\"wpforms-1720-field_0\" class=\"wpforms-field-sublabel after\">First<\/label><\/div><div class=\"wpforms-field-row-block wpforms-one-half\"><input type=\"text\" id=\"wpforms-1720-field_0-last\" class=\"wpforms-field-name-last wpforms-field-required\" name=\"wpforms[fields][0][last]\" required><label for=\"wpforms-1720-field_0-last\" class=\"wpforms-field-sublabel after\">Last<\/label><\/div><\/div><\/div><div id=\"wpforms-1720-field_9-container\" class=\"wpforms-field wpforms-field-text\" data-field-id=\"9\"><label class=\"wpforms-field-label\" for=\"wpforms-1720-field_9\">Titre de la pr\u00e9sentation<\/label><input type=\"text\" id=\"wpforms-1720-field_9\" class=\"wpforms-field-medium\" name=\"wpforms[fields][9]\" ><\/div><div id=\"wpforms-1720-field_2-container\" class=\"wpforms-field wpforms-field-textarea\" data-field-id=\"2\"><label class=\"wpforms-field-label\" for=\"wpforms-1720-field_2\">R\u00e9sum\u00e9 de la pr\u00e9sentation (300 mots) <span class=\"wpforms-required-label\">*<\/span><\/label><textarea id=\"wpforms-1720-field_2\" class=\"wpforms-field-medium wpforms-field-required\" name=\"wpforms[fields][2]\" required><\/textarea><\/div><div id=\"wpforms-1720-field_6-container\" class=\"wpforms-field wpforms-field-radio\" data-field-id=\"6\"><label class=\"wpforms-field-label\">Je suis int\u00e9ress\u00e9 \u00e0 recevoir un commentaire critique pour ma pr\u00e9sentation et \u00e0 faire \u00e9galement un commentaire critique pour une autre pr\u00e9sentation.<\/label><ul id=\"wpforms-1720-field_6\"><li class=\"choice-1 depth-1\"><input type=\"radio\" id=\"wpforms-1720-field_6_1\" name=\"wpforms[fields][6]\" value=\"Oui\"  ><label class=\"wpforms-field-label-inline\" for=\"wpforms-1720-field_6_1\">Oui<\/label><\/li><li class=\"choice-2 depth-1 wpforms-selected\"><input type=\"radio\" id=\"wpforms-1720-field_6_2\" name=\"wpforms[fields][6]\" value=\"Non\"   checked='checked'><label class=\"wpforms-field-label-inline\" for=\"wpforms-1720-field_6_2\">Non<\/label><\/li><\/ul><\/div><div id=\"wpforms-1720-field_8-container\" class=\"wpforms-field wpforms-field-text\" data-field-id=\"8\"><label class=\"wpforms-field-label\" for=\"wpforms-1720-field_8\">Estimation du temps de la pr\u00e9sentation (30 ou 50 minutes lors d&#039;une pr\u00e9sentation individuelle \/ jusqu&#039;\u00e0 1 heure 50 minutes lors d&#039;une pr\u00e9sentation de groupe, INCLUANT la p\u00e9riode de questions\/r\u00e9ponses) <\/label><input type=\"text\" id=\"wpforms-1720-field_8\" class=\"wpforms-field-medium\" name=\"wpforms[fields][8]\" ><\/div><div id=\"wpforms-1720-field_1-container\" class=\"wpforms-field wpforms-field-email\" data-field-id=\"1\"><label class=\"wpforms-field-label\" for=\"wpforms-1720-field_1\">Courriel <span class=\"wpforms-required-label\">*<\/span><\/label><input type=\"email\" id=\"wpforms-1720-field_1\" class=\"wpforms-field-medium wpforms-field-required\" name=\"wpforms[fields][1]\" spellcheck=\"false\" required><\/div><div id=\"wpforms-1720-field_10-container\" class=\"wpforms-field wpforms-field-text\" data-field-id=\"10\"><label class=\"wpforms-field-label\" for=\"wpforms-1720-field_10\">Avez-vous une pr\u00e9f\u00e9rence concernant la journ\u00e9e de pr\u00e9sentation? (Samedi ou dimanche)<\/label><input type=\"text\" id=\"wpforms-1720-field_10\" class=\"wpforms-field-medium\" name=\"wpforms[fields][10]\" ><\/div><\/div><!-- .wpforms-field-container --><div class=\"wpforms-field wpforms-field-hp\"><label for=\"wpforms-1720-field-hp\" class=\"wpforms-field-label\">Phone<\/label><input type=\"text\" name=\"wpforms[hp]\" id=\"wpforms-1720-field-hp\" class=\"wpforms-field-medium\"><\/div><div class=\"wpforms-submit-container\" ><input type=\"hidden\" name=\"wpforms[id]\" value=\"1720\"><input type=\"hidden\" name=\"page_title\" value=\"\"><input type=\"hidden\" name=\"page_url\" value=\"https:\/\/www.philopolis.net\/site\/wp-json\/wp\/v2\/pages\/58\"><input type=\"hidden\" name=\"url_referer\" value=\"\"><button type=\"submit\" name=\"wpforms[submit]\" id=\"wpforms-submit-1720\" class=\"wpforms-submit\" data-alt-text=\"Sending...\" data-submit-text=\"Submit\" aria-live=\"assertive\" value=\"wpforms-submit\">Submit<\/button><\/div><\/form><\/div>  <!-- .wpforms-container -->","protected":false},"excerpt":{"rendered":"<p>Nous acceptons les soumissions jusqu&rsquo;au 16 janvier, 2026.<\/p>\n","protected":false},"author":1,"featured_media":0,"parent":0,"menu_order":0,"comment_status":"closed","ping_status":"closed","template":"","meta":{"footnotes":""},"class_list":["post-58","page","type-page","status-publish","hentry"],"_links":{"self":[{"href":"https:\/\/www.philopolis.net\/site\/wp-json\/wp\/v2\/pages\/58","targetHints":{"allow":["GET"]}}],"collection":[{"href":"https:\/\/www.philopolis.net\/site\/wp-json\/wp\/v2\/pages"}],"about":[{"href":"https:\/\/www.philopolis.net\/site\/wp-json\/wp\/v2\/types\/page"}],"author":[{"embeddable":true,"href":"https:\/\/www.philopolis.net\/site\/wp-json\/wp\/v2\/users\/1"}],"replies":[{"embeddable":true,"href":"https:\/\/www.philopolis.net\/site\/wp-json\/wp\/v2\/comments?post=58"}],"version-history":[{"count":10,"href":"https:\/\/www.philopolis.net\/site\/wp-json\/wp\/v2\/pages\/58\/revisions"}],"predecessor-version":[{"id":1755,"href":"https:\/\/www.philopolis.net\/site\/wp-json\/wp\/v2\/pages\/58\/revisions\/1755"}],"wp:attachment":[{"href":"https:\/\/www.philopolis.net\/site\/wp-json\/wp\/v2\/media?parent=58"}],"curies":[{"name":"wp","href":"https:\/\/api.w.org\/{rel}","templated":true}]}}